hat is the remainder when 41 is divided by x(m)?
8
Let h(f) = f - 4. Let p(g) = -g + 4. Let a(k) = 3*h(k) + 2*p(k). Calculate the remainder when 4 is divided by a(6).
0
Let i(q) = q**2 - 4. Let h be i(3). Suppose -h*g + 50 = -0*g. What is the remainder when 19 is divided by g?
9
Let g be (0 - (-4)/(-1))/(-1). Suppose -o = g*o - 65. Calculate the remainder when 34 - (-3 + 0 + 0) is divided by o.
11
Let o(q) = q**2 - 7*q - 8. Let b be o(8). Suppose b*a - 74 = -4*a + 5*k, -k + 78 = 5*a. What is the remainder when 29 is divided by a?
13
Let v(i) = 2*i - 1. Let q be v(1). Suppose 4*n + 58 = 5*m, 0 - 29 = -m - 5*n. Calculate the remainder when 24/1 + 1 + q is divided by m.
12
Let t be ((-48)/(-18))/(1/(-3)). Let c(b) = b**3 + 8*b**2 - 3*b - 11. What is the remainder when 24 is divided by c(t)?
11
Suppose -2*p + o + 32 = 0, 3*p - 4*p = -3*o - 21. Let f be 6/p + (-184)/10. Let g = 2 - f. Calculate the remainder when g is divided by 7.
6
Suppose -33 = -4*y + 55. What is the remainder when 42 is divided by y?
20
Suppose 5*i = -4*z + 97, 2*i = -z + i + 24. Suppose 0 = 3*n - z - 55. What is the remainder when n is divided by 9?
8
Let t = -27 - -55. What is the remainder when 80 is divided by t?
24
Let w(d) = -d**2 + d + 29. Calculate the remainder when 84 is divided by w(0).
26
Suppose 0 = 7*s - 29 - 118. Calculate the remainder when 61 is divided by s.
19
Let a(q) = q**2 - 2*q + 3. Let z be a(5). Suppose 0 = -5*f - 2*d - 0*d + 122, f = -2*d + z. Calculate the remainder when 35 is divided by f/2 - (-2)/(-2).
11
Suppose 10*n = n + 81. Let h = 5 - 2. Suppose 3*b - n = b + d, -h*b = 2*d - 10. Calculate the remainder when b is divided by 2.
0
Suppose 2*f - 17 = 59. Suppose 0 = -2*x - 3*x + 70. What is the remainder when f is divided by x?
10
Suppose -3*l = -8*l + 15. What is the remainder when 7 is divided by l?
1
Let m(n) = n**3 - 8*n**2 + 4*n - 14. What is the remainder when (2 + -1 - 0) + 68 is divided by m(8)?
15
Let b = -68 + 96. What is the remainder when b is divided by 16?
12
Suppose -2 = 5*i + 8. Let j be 1 + i + 14/2. What is the remainder when 10/4 - 3/j is divided by 1?
0
Let p = 42 - 15. Calculate the remainder when p is divided by 10.
7
Let i be (-1)/3 + 1/3. Suppose -5*g = -2*x + 30, -6*g + 10 = -11*g. What is the remainder when 57/(i - 6/(-4)) is divided by x?
8
Suppose 8*a = 262 + 242. What is the remainder when a is divided by 261/12 - (-2)/8?
19
Suppose u = 5*j - 4, 3*u + 2*j + 0 = 5. What is the remainder when (-1)/(u + (-5 - -3)) is divided by 1?
0
Let q = -32 - -48. Calculate the remainder when 30 is divided by q.
14
Suppose y - 2 = 8. Calculate the remainder when 26 is divided by y.
6
Let r = 0 + -1. Calculate the remainder when 17 is divided by -2 + (r - -1) + 11.
8
Suppose 4*f - 4*l = 56, -2*l - 14 = -4. Let s = 34 - f. Calculate the remainder when 49 is divided by s.
24
Let g = -3 - -7. Calculate the remainder when 20 is divided by (-66)/(-10) - g/(-10).
6
Suppose -2*g = 4*b - 8, -g = 4*b - 2*g - 20. What is the remainder when b is divided by 4?
0
Let b = 128 + -74. Let s = b - 38. Suppose 0 = 5*x - 52 - 103. Calculate the remainder when x is divided by s.
15
Let c = -17 - -31. Let u be 66/c - (-4)/14. Suppose -5*n + p + 9 = -91, p - u = 0. Calculate the remainder when n is divided by 11.
10
Let u = -11 - -7. What is the remainder when 74 is divided by (38/u)/((-1)/2)?
17
Let q(z) = 19*z - 3. Let x(y) = -2*y. Let k be x(-3). Suppose -2*v + 4*l = -70, 3*v - 2*l - 131 = -k. Calculate the remainder when v is divided by q(1).
13
Suppose -g = -4*g + 3. Suppose 0 = -3*d + 3*k + 15, 0 = -2*d + 4*k + 10 + 6. Calculate the remainder when d is divided by g.
0
Let l(g) = g**2 - 7*g + 10. Calculate the remainder when l(8) is divided by 11.
7
Suppose 4*b - 92 = -4*l, -l + b + 7 = 6*b. Calculate the remainder when 104 is divided by l.
23
Let k be (0 - -3) + (2 - -202). What is the remainder when k/5 - 4/10 is divided by 22?
19
Let f(t) = -3*t**2 + 1. Let v be f(-1). Let j = v - 0. What is the remainder when 11 is divided by (-2 - -5)*-1*j?
5
Suppose -2*g = -0*s - 3*s + 19, -3*s + 4*g = -11. Calculate the remainder when s is divided by 5.
4
Suppose 5*r - 180 = -4*g, -5*g + 3*r = -2*g - 135. Let q be 3*-6*(-2)/9. Suppose 0*o + o = -4*d, -q*o + 60 = -4*d. What is the remainder when g is divided by o?
9
Suppose 2 = 4*p - 18. Suppose p*v = 5, -5*m - 4*v + 0 + 79 = 0. Suppose 0 = -2*j + 3*j - 8. Calculate the remainder when m is divided by j.
7
Let s = -13 + 7. Let i(a) = 5*a**2 + 10*a + 3. Let z(c) = 6*c**2 + 10*c + 3. Let g(u) = -5*i(u) + 4*z(u). What is the remainder when g(s) is divided by 11?
10
Suppose -3*o + 7 = -11. Calculate the remainder when 17 is divided by o.
5
Let r(t) = -t + 32. What is the remainder when 112 is divided by r(13)?
17
Suppose 3*f - 3 = -3*y, f - 12 + 5 = -4*y. Suppose -9 = y*c - 39. What is the remainder when 58 is divided by c?
13
Suppose 2*f - 10 - 18 = 0. Let v(n) = -n**3 - 2*n**2 - 4*n - 3. Calculate the remainder when f is divided by v(-2).
4
Let o = -5 - -13. Let w = 11 + -5. What is the remainder when o is divided by ((-30)/25)/(w/(-15))?
2
Let q be (-378)/(-4)*(-12)/(-9). Suppose 2*d + d = q. Calculate the remainder when d is divided by 15.
12
Suppose 26 = 2*k - 3*d, k - 4*d - 13 - 5 = 0. Let b(y) = 2*y**2 - 13*y - 11. Calculate the remainder when b(k) is divided by 15.
14
Let m(z) = 88*z + 4. What is the remainder when m(1) is divided by 24?
20
Suppose 5*f = 5*y + 146 + 64, y + 5 = 0. Let d = 51 - 31. What is the remainder when f is divided by d?
17
Let l(c) = c**3 - 6*c**2 + 6*c. Let m be l(5). Suppose -m*a = -a - 44. What is the remainder when 30 is divided by a?
8
Let p = -6 - -8. Let o(c) = -c**3 + 5*c**2 + 8*c - 3. Let l be o(6). Let q = 12 - l. What is the remainder when q is divided by p?
1
Let i(q) = -q**3 + 2*q**2 + 5*q - 2. Let c be i(3). Suppose -2*u + u = 0. Suppose u*o = c*o - 108. Calculate the remainder when o is divided by 14.
13
Suppose g - 3*g + 56 = 0. Suppose -4*o + 54 = 2*v, 5*v - 63 = o + g. Calculate the remainder when 74 is divided by v.
17
Let m = 9 - 4. Suppose 4*h = 6*h - 26. Calculate the remainder when h is divided by m.
3
Suppose x + 70 = 3*x. Suppose 5*d - 25 - 69 = -v, -d + 6 = -3*v. What is the remainder when x is divided by d?
17
Let o = -2 + 2. Suppose j + j - 10 = o. Calculate the remainder when 9/3 - (4 + -14) is divided by j.
3
Let j be (1/2)/((-2)/(-44)). Let k = -5 - -12. Let q = j - k. Calculate the remainder when 7 is divided by q.
3
Suppose -5*h + 187 + 228 = 0. What is the remainder when h is divided by 43?
40
Suppose 0 = 3*t - 4*d - 17, -4*d = -5*t - 8*d + 7. Calculate the remainder when t is divided by 11/9 + (-2)/9.
0
Let r(p) = -9*p + 57. Calculate the remainder when 66 is divided by r(6).
0
Let u(x) = -3*x - 5. Let b(h) = h + 1. Let c(z) = -4*b(z) - u(z). Suppose 0 = 2*s + 3*s - 50. Calculate the remainder when s is divided by c(-3).
2
Suppose -2 = k - 12. What is the remainder when 57 is divided by k?
7
Let o(f) = -6*f**3 + 3*f**3 + 4*f**3 - 8*f**2 + 8 + 7*f. Let z be o(7). Suppose z = l - 7. What is the remainder when 43 is divided by l?
13
Let x(b) = -b**3 + 7*b**2 + 2*b + 4. Suppose -4*c + k = -283, k + 341 = 5*c + 4*k. Calculate the remainder when c is divided by x(7).
16
Let n(r) = r**3 + 8*r**2 + 7*r + 4. Suppose 7*t = 4*t - 21. Calculate the remainder when 10 is divided by n(t).
2
Let t(n) = 6*n**2 - 3*n**3 - 2*n**2 - 4*n**3 - 3*n**2. Calculate the remainder when 22 is divided by t(-1).
6
Let l = -5 + 3. Let c = l + -6. Let r(y) = -2*y - 11. What is the remainder when 8 is divided by r(c)?
3
Suppose 0*i - 5*i + 335 = 0. Let u(s) be the second derivative of s**3 - 7*s**2/2 + 3*s. Calculate the remainder when i is divided by u(5).
21
Let o be ((-28)/(2/2))/(-1). Suppose -o - 4 = -4*z. What is the remainder when z is divided by 2/(-7) + 23/7?
2
Let b(h) = -7*h + 2. Suppose 0 = -2*y + y + 10. Calculate the remainder when b(-5) is divided by y.
7
Suppose -176 = -2*z - 14*z. What is the remainder when z is divided by 4?
3
Let v = -40 + 56. What is the remainder when 28 is divided by v?
12
Let a be 37/(-5) - (-4)/10. Let d = -46 - a. Calculate the remainder when 0/2 + 2 - d is divided by 14.
13
Let u = -3 - -5. Suppose u + 14 = 4*k. What is the remainder when 7